umber?
False
Is 1041 - (6 + 98/(-7)) a prime number?
True
Suppose -85 + 34 = -3*o - 2*c, -101 = -5*o + 2*c. Suppose 1716 = -7*j + o*j. Is j a composite number?
True
Suppose 4*m - 10 = 5*m. Let v(a) = a + 11. Let y be v(m). Is (-426)/(-5 - -3) + y prime?
False
Let b be (16/6)/((-8662)/(-2886) + -3). Suppose 7*w - 3*w = b. Is w a composite number?
True
Is (1 - (4049 + 1))*(0 + -1) composite?
False
Let c(n) be the second derivative of 19*n**4/4 + 11*n**2/2 + 12*n. Is c(8) a prime number?
True
Suppose 2*n + 19 = -5*h, 4 = -h - 1. Suppose 4*k - 4582 = -k + x, n*k - 2748 = x. Suppose -9*j + k = -8*j. Is j prime?
False
Let d(v) = -711*v**2 - 4*v + 3. Let n be d(2). Let j = n + 4034. Let b = j - 670. Is b composite?
True
Let d be ((-5044)/6)/((-18)/27). Let k = d - 805. Let a = k - 67. Is a composite?
False
Let n be 9/12 + 6/24. Let z be (-92)/8*(n + 9). Is -1 - ((z - 2) + 1) composite?
True
Suppose -7*q - 28 = -0*q. Let t(l) = 9*l**2 - 3*l + 1. Is t(q) a prime number?
True
Is (20 - -25418) + 3*3/9 a composite number?
False
Suppose -5*q + 1784 = -3*q. Let s = 367 + q. Is s composite?
False
Let n(t) = -t**2 - 14*t + 5. Let b be n(-12). Suppose 156 = u - b. Is u prime?
False
Suppose 6*d - 2*d = -5*r - 21, 3*d + 12 = 0. Let k be 9*10 - 1 - -1. Is r/(-2)*k/5 prime?
False
Let b(x) = -x**3 + 23*x**2 + 36*x - 21. Is b(23) prime?
False
Let w(y) = 4*y**3 - 10*y**2 - y**3 - 9 - 8*y - 2*y**3 - y. Let r be w(11). Suppose c - r = 20. Is c prime?
False
Suppose 532058 + 632035 = 21*f. Is f composite?
True
Let i(y) = -y**3 + 4*y**2 + 6*y + 5. Let u be i(-2). Is (0/(-3) + u)*(9 - 6) prime?
False
Let t = 4359 + -2603. Suppose -15*j + t = -11*j. Is j prime?
True
Let b(g) = -g**3 - 4*g**2 - g - 3. Let c be b(-4). Let r be (522/(-12))/(c/(-8)). Let q = -143 + r. Is q composite?
True
Let j(l) = 204*l**2 + 12*l + 2. Is j(-7) prime?
False
Let j(d) = 49*d**2 + 4*d - 12. Let v be j(-5). Let n = v - 822. Is n composite?
True
Suppose -3937 = -7*v + 6640. Is v composite?
False
Suppose 9*r - 10028 = 421. Let j = r - 404. Is j prime?
True
Let o(p) = -16*p**3 - 16*p + 23. Is o(-7) prime?
True
Let i be 7 - (4 - 0)/4. Let u(z) = 62*z**2 - 3*z + 5. Is u(i) a prime number?
False
Suppose 3*y = 2*y - 493. Let n = y + 788. Is n composite?
True
Is 37680 + (4 - (0 + 7)) + 2 composite?
True
Suppose f = 3*l + 7708, -10*f + 6*f + 30856 = -4*l. Is f composite?
False
Let v = 368 - -1233. Suppose -175 = -2*s - v. Is (-12)/(-16) + s/(-4) prime?
True
Let g(q) = -330*q + 4. Let b(p) = -330*p + 3. Let v(f) = 6*b(f) - 5*g(f). Let m be v(-2). Suppose -t - t = -m. Is t composite?
True
Is 4*12/312 + (-26609)/(-13) prime?
False
Let o = 22742 - 11373. Is o composite?
False
Let i(m) = -4738*m**3 + 4*m**2 + 3*m + 1. Is i(-2) composite?
True
Let r(u) = 189*u**3 + 2*u + 432*u**3 - u + 13*u**3. Is r(1) a prime number?
False
Let h(y) = y**2 + 10*y + 3957. Is h(0) composite?
True
Suppose 3*f + 18 = 3*c, 2*c + f + 2*f - 12 = 0. Let y be ((-36)/10)/(c/(-15)). Is (y/(-18))/(2/(-1204)) prime?
False
Let k be 1/(0 - -1)*101. Suppose 4*i = -k + 841. Is i a composite number?
True
Let d be (18 + -7)*(-1)/(-1). Let v(c) = 3*c + 1. Let w be v(-11). Let x = d - w. Is x a prime number?
True
Suppose 6047 = 4*x + t, -3467 - 2571 = -4*x + 2*t. Is x composite?
False
Let n = -13499 - -20856. Is n a prime number?
False
Suppose 0 = -4*d - 2*a - 6, -10 = 5*d + 8*a - 3*a. Let m = -7 - d. Is 1/3 - 208/m prime?
False
Let y = 16382 + -11631. Is y composite?
False
Let v(l) = -11*l**3 + 6*l**2 + 6*l + 14. Let w be v(10). Is 6/24 + w/(-8) a prime number?
True
Let y = -21 - -23. Suppose -3*g = 6, 3*q + g - 12 = -y. Suppose 243 = 3*c - q*p, 373 = 3*c + 2*c + 4*p. Is c prime?
False
Let z be 10/10*0/2. Suppose 3*v - s = -z*v + 5, 0 = -3*v - 2*s + 8. Is (4 - v) + 46/2 composite?
True
Suppose 3*x + 5*g = -8, 4*g - 4 = -2*x - 3*x. Suppose 0 = 3*d - x*s + 1, 0 = -d + 5*s - 9 - 6. Suppose -2*i - 261 = -d*i. Is i composite?
True
Let a = 24696 + -16907. Is a composite?
False
Let u(c) = -2*c**3 - 3*c**2 + c - 1. Let z = 13 - 4. Let v be z/2*4/(-6). Is u(v) prime?
True
Let p = 1078 - 240. Is p a prime number?
False
Let z(y) = 2*y + 4*y**2 + 45*y**3 - 5 + 1 + 3. Is z(2) a composite number?
False
Suppose -248104 = 1917*v - 1921*v. Is v prime?
False
Suppose -2*o + 18 = 4*z, 5*o - 10 - 7 = -3*z. Is (z - (-15)/(-3)) + 786 composite?
True
Suppose 4*x - 2*x = -2. Is x + -3 - (-14361)/9*3 a composite number?
False
Let x = -6 + 6. Suppose 2*b = -x*b + 6326. Is b a prime number?
True
Let f(z) = 6*z**3 + 2*z**2 + 5*z + 6. Let x be f(-5). Let v = x + 1360. Is v a prime number?
True
Suppose 0 = -13*y + 11*y + 234. Let j = 286 - y. Is j a composite number?
True
Suppose 0 = 7*u - 5*u - 4. Let r be (-1)/3 + (-91)/(-21). Suppose -x = -2*x + u, -x + 510 = r*g. Is g composite?
False
Let o = -3017 + 6652. Is o prime?
False
Let x = 13917 - -2756. Is x a composite number?
False
Suppose 4946 + 2170 = 12*s. Is s prime?
True
Let v(s) = -7*s - 2 + 2 + 5*s. Let f be v(0). Suppose 5*b = 3*t + t - 230, f = t - 2*b - 59. Is t composite?
True
Let c = 31481 - 18317. Suppose f - c = -11*f. Is f composite?
False
Suppose 10*f - 7*f + 177 = 0. Suppose 2*q = -2*t - 394, -2*t - 4*q = -3*q + 389. Let z = f - t. Is z a prime number?
False
Suppose 15 = c + 2*c. Suppose -4*w = r + 115, -r + 5*r + 376 = c*w. Let p = 152 + r. Is p a composite number?
False
Let y = -5266 + 9813. Is y composite?
False
Let n(u) = 2038*u**2 + 12*u - 23. Is n(6) a prime number?
True
Let x be 1/5 - ((-2142)/(-10) - -2). Let p = 203 - x. Is p a prime number?
True
Let f be (-1 - 3*26)*1. Let m be (-287)/(-123) + (-1)/3. Is (2/2 - m)*f prime?
True
Suppose -4*j + 9 + 19 = 0. Let m = j - 4. Suppose -m*q = p - 88 - 55, -2*q - 4 = 0. Is p composite?
False
Suppose 0 = 2*o + 2*r - 2, 3*r = 3*o - 0*o - 9. Suppose -5 = -o*i - 1. Let u = i + 31. Is u a composite number?
True
Suppose -2*z = -4, -v - 12 + 4 = -5*z. Suppose -v = 4*d + 4*t - 6, 2*d - 8 = -5*t. Is -1 + 328 + (d - -5) a prime number?
True
Let b(r) = 91*r**3 + 4*r**2 + 5*r - 3. Is b(4) a prime number?
False
Suppose 5*j + 3801 - 24233 = s, -4*j = 3*s - 16357. Is j a composite number?
True
Let l(u) be the third derivative of 7*u**5/30 + u**4/6 + u**3/6 + 3*u**2. Is l(5) a prime number?
False
Suppose -5*l + l + 8 = 0. Let w be (1*-2)/((-13)/26). Suppose 4*o - l*g - 141 = 441, w*o - 577 = -3*g. Is o prime?
False
Let m be (20/(-15))/((-4)/(-6)). Let c be 6/(1/(m/(-2))). Suppose -c*x + x = -610. Is x a prime number?
False
Let h(k) be the first derivative of 11*k**3/2 - k**2 - k - 3. Let s(q) be the first derivative of h(q). Is s(3) a prime number?
True
Is (138120/(-480))/(2/(-136)) a prime number?
False
Suppose -3*i = -2*i - 1303. Is i a composite number?
False
Suppose 349 = -7*c + 6796. Is c a composite number?
True
Suppose 85163 + 2267 = 10*o. Is o prime?
False
Suppose 0 = -5*j + v + 50501 + 349, 4*j + 2*v - 40666 = 0. Is j a composite number?
False
Let g = -67 + -562. Let i = g - -1755. Is i a prime number?
False
Let x(c) = 52*c. Suppose 1 = 5*i + 2*f - 28, 3*f + 14 = 4*i. Let r be x(i). Suppose 4*d = 2*g - 758 - r, -991 = -2*g - 5*d. Is g a composite number?
False
Let y = 70 - 73. Is -267*((-6)/2 - (y + 1)) composite?
True
Suppose -184 = -5*d - u, 0*d - d = 5*u - 56. Suppose 4*w + d = -2*w. Is -2 + -3*662/w prime?
False
Suppose -4*y - 13460 = -2*t + 944, -5*y = 5*t - 36010. Suppose 9 = -3*x, -t - 1600 = -3*c + x. Is c a prime number?
False
Let g = -54 - -57. Suppose -9*d - g*d + 20892 = 0. Is d a prime number?
True
Let h = -9 + 17. Is 2*(1972/h - 4) a prime number?
False
Let d = -20984 + 31561. Is d a composite number?
True
Let d(x) be the first derivative of 75*x**2 + 8*x + 27. Is d(1) prime?
False
Suppose 59*d - 31461 = 56*d. Is d composite?
False
Let n = 255 + 118. Let d = n + -182. Is d prime?
True
Let v(q) = 0 - 432*q + 2 + 2 + 3. Let o(r) = -216*r + 3. Let a(j) = -9*o(j) + 4*v(j). Is a(1) a composite number?
True
Suppose 0 = 34*q - 37*q. Suppose -4*h + 2*h + 62 = q. Is h composite?
False
Let s(v) be the third derivative of 0*v + 7*v**2 - 19/6*v**3 + 0 - 65/24*v**4. Is s(-6) prime?
False
Let x(l) = -l**3 + 5*l**2 - 2*l - 7. Let g be x(3). Let m be g/((-20)/(-742))*2. Suppose 4*s + m = 2*p - 43, 0 = 4*p - 3*s - 838. Is p composite?
False
Let w = 10745 - -2472. Is w